{"id":467,"date":"2017-01-04T16:49:39","date_gmt":"2017-01-04T16:49:39","guid":{"rendered":"http:\/\/novo.icomnet.com.br\/?page_id=467"},"modified":"2017-01-18T19:28:47","modified_gmt":"2017-01-18T19:28:47","slug":"hosting","status":"publish","type":"page","link":"http:\/\/novo.icomnet.com.br\/?page_id=467","title":{"rendered":"Hosting"},"content":{"rendered":"<div class=\"fusion-fullwidth fullwidth-box fusion-builder-row-1 nonhundred-percent-fullwidth non-hundred-percent-height-scrolling\" style=\"background-color: rgba(139,195,74,0);background-position: center center;background-repeat: no-repeat;padding-top:20px;padding-right:0px;padding-bottom:20px;padding-left:0px;margin-bottom: 0px;margin-top: 0px;border-width: 0px 0px 0px 0px;border-color:rgba(97,158,133,0);border-style:solid;\" ><div class=\"fusion-builder-row fusion-row\"><div class=\"fusion-layout-column fusion_builder_column fusion-builder-column-0 fusion_builder_column_1_2 1_2 fusion-one-half fusion-column-first\" style=\"width:50%;width:calc(50% - ( ( 4% ) * 0.5 ) );margin-right: 4%;margin-top:0px;margin-bottom:20px;\"><div class=\"fusion-column-wrapper fusion-flex-column-wrapper-legacy\" style=\"background-position:left top;background-repeat:no-repeat;-webkit-background-size:cover;-moz-background-size:cover;-o-background-size:cover;background-size:cover;padding: 0px 0px 0px 0px;\"><span class=\" fusion-imageframe imageframe-none imageframe-1 hover-type-none\"><img width=\"1024\" height=\"437\" title=\"http-875181_1920\" src=\"http:\/\/novo.icomnet.com.br\/wp-content\/uploads\/2016\/08\/http-875181_1920-1024x437.png\" class=\"img-responsive wp-image-463\" srcset=\"http:\/\/novo.icomnet.com.br\/wp-content\/uploads\/2016\/08\/http-875181_1920-200x85.png 200w, http:\/\/novo.icomnet.com.br\/wp-content\/uploads\/2016\/08\/http-875181_1920-400x171.png 400w, http:\/\/novo.icomnet.com.br\/wp-content\/uploads\/2016\/08\/http-875181_1920-600x256.png 600w, http:\/\/novo.icomnet.com.br\/wp-content\/uploads\/2016\/08\/http-875181_1920-800x342.png 800w, http:\/\/novo.icomnet.com.br\/wp-content\/uploads\/2016\/08\/http-875181_1920-1200x513.png 1200w, http:\/\/novo.icomnet.com.br\/wp-content\/uploads\/2016\/08\/http-875181_1920.png 1920w\" sizes=\"(max-width: 800px) 100vw, 600px\" \/><\/span><div class=\"fusion-clearfix\"><\/div><\/div><\/div><div class=\"fusion-layout-column fusion_builder_column fusion-builder-column-1 fusion_builder_column_1_2 1_2 fusion-one-half fusion-column-last\" style=\"width:50%;width:calc(50% - ( ( 4% ) * 0.5 ) );margin-top:0px;margin-bottom:20px;\"><div class=\"fusion-column-wrapper fusion-flex-column-wrapper-legacy\" style=\"background-position:left top;background-repeat:no-repeat;-webkit-background-size:cover;-moz-background-size:cover;-o-background-size:cover;background-size:cover;padding: 0px 0px 0px 0px;\"><div class=\"fusion-content-boxes content-boxes columns row fusion-columns-1 fusion-columns-total-1 fusion-content-boxes-1 content-boxes-icon-with-title content-left\" data-animationOffset=\"100%\" style=\"margin-top:0px;margin-bottom:60px;\"><style type=\"text\/css\">.fusion-content-boxes-1 .heading .content-box-heading {color:#619e85;}\n\t\t\t\t\t.fusion-content-boxes-1 .fusion-content-box-hover .link-area-link-icon-hover .heading .content-box-heading,\n\t\t\t\t\t.fusion-content-boxes-1 .fusion-content-box-hover .link-area-link-icon-hover .heading .heading-link .content-box-heading,\n\t\t\t\t\t.fusion-content-boxes-1 .fusion-content-box-hover .link-area-box-hover .heading .content-box-heading,\n\t\t\t\t\t.fusion-content-boxes-1 .fusion-content-box-hover .link-area-box-hover .heading .heading-link .content-box-heading,\n\t\t\t\t\t.fusion-content-boxes-1 .fusion-content-box-hover .link-area-link-icon-hover.link-area-box .fusion-read-more,\n\t\t\t\t\t.fusion-content-boxes-1 .fusion-content-box-hover .link-area-link-icon-hover.link-area-box .fusion-read-more::after,\n\t\t\t\t\t.fusion-content-boxes-1 .fusion-content-box-hover .link-area-link-icon-hover.link-area-box .fusion-read-more::before,\n\t\t\t\t\t.fusion-content-boxes-1 .fusion-content-box-hover .fusion-read-more:hover:after,\n\t\t\t\t\t.fusion-content-boxes-1 .fusion-content-box-hover .fusion-read-more:hover:before,\n\t\t\t\t\t.fusion-content-boxes-1 .fusion-content-box-hover .fusion-read-more:hover,\n\t\t\t\t\t.fusion-content-boxes-1 .fusion-content-box-hover .link-area-box-hover.link-area-box .fusion-read-more,\n\t\t\t\t\t.fusion-content-boxes-1 .fusion-content-box-hover .link-area-box-hover.link-area-box .fusion-read-more::after,\n\t\t\t\t\t.fusion-content-boxes-1 .fusion-content-box-hover .link-area-box-hover.link-area-box .fusion-read-more::before,\n\t\t\t\t\t.fusion-content-boxes-1 .fusion-content-box-hover .link-area-link-icon-hover .icon .circle-no,\n\t\t\t\t\t.fusion-content-boxes-1 .heading .heading-link:hover .content-box-heading {\n\t\t\t\t\t\tcolor: #619e85;\n\t\t\t\t\t}\n\t\t\t\t\t.fusion-content-boxes-1 .fusion-content-box-hover .link-area-box-hover .icon .circle-no {\n\t\t\t\t\t\tcolor: #619e85 !important;\n\t\t\t\t\t}.fusion-content-boxes-1 .fusion-content-box-hover .link-area-box.link-area-box-hover .fusion-content-box-button {background: #f2f2f2;color: #619e85;}.fusion-content-boxes-1 .fusion-content-box-hover .link-area-box.link-area-box-hover .fusion-content-box-button .fusion-button-text {color: #619e85;}\n\t\t\t\t\t.fusion-content-boxes-1 .fusion-content-box-hover .link-area-link-icon-hover .heading .icon > span {\n\t\t\t\t\t\tbackground-color: #619e85 !important;\n\t\t\t\t\t}\n\t\t\t\t\t.fusion-content-boxes-1 .fusion-content-box-hover .link-area-box-hover .heading .icon > span {\n\t\t\t\t\t\tborder-color: #619e85 !important;\n\t\t\t\t\t}<\/style><div class=\"fusion-column content-box-column content-box-column content-box-column-1 col-lg-12 col-md-12 col-sm-12 fusion-content-box-hover content-box-column-last content-box-column-last-in-row\"><div class=\"col content-box-wrapper content-wrapper link-area-box icon-hover-animation-slide\" style=\"background-color:rgba(139,195,74,0);\" data-animationOffset=\"100%\"><div class=\"heading icon-left\"><h2 class=\"content-box-heading\" style=\"font-size:25px;line-height:30px;\">Hosting page<\/h2><\/div><div class=\"fusion-clearfix\"><\/div><div class=\"content-container\" style=\"color:#000000;\">\n<p>Painel de administra\u00e7\u00e3o flex\u00edvel para ambientes Linux ou Windows. Disponibiliza todos os recursos para administra\u00e7\u00e3o de seu site. Associado ao servi\u00e7o de hospedagem oferecemos a melhor plataforma de e-mail e colabora\u00e7\u00e3o para uso corporativo, o\u00a0Zimbra, uma plataforma diferenciada e flex\u00edvel. Por que usar o Zimbra:<\/p>\n<ul>\n<li>Possibilidade de acessar as informa\u00e7\u00f5es de qualquer local que tenha acesso a internet,com ganhos significativos de produtividade;<\/li>\n<li>Mais barato que outras plataformas semelhantes;<\/li>\n<li>Liberdade para ampliar e personalizar o fluxo de trabalho conforme as necessidades individuais de cada usu\u00e1rio;<\/li>\n<li>Compat\u00edvel com outros sistemas de e-mail como o Microsoft Outlook, Microsoft Exchange, Apple Mail, sendo poss\u00edvel compartilhar eventos de calend\u00e1rio com clientes e fornecedores, mesmo que eles n\u00e3o tenham o Zimbra.<\/li>\n<\/ul>\n<p align=\"justify\">Com o Zimbra n\u00e3o \u00e9 necess\u00e1rio enviar anexos por e-mail, j\u00e1 que existe a possibilidade de compartilha-lo entre outros usu\u00e1rios do aplicativo. O mesmo pode ser feito para pastas, calend\u00e1rios, tarefas e documentos.<\/p>\n<p align=\"justify\">Facilidade para gerenciamento de backups;<\/p>\n<p align=\"justify\">Gerenciamento interno hier\u00e1rquico de armazenamento onde gestores de TI podem configurar e gerenciar recursos de e-mail facilmente.<\/p>\n<p align=\"justify\">Integra\u00e7\u00e3o e sincroniza\u00e7\u00e3o com dispositivos m\u00f3veis de diversos sistemas operacionais.<\/p>\n<h3>RECURSOS DISPON\u00cdVEIS<\/h3>\n<p align=\"justify\">Al\u00e9m dos recursos como e-mail, contatos, agenda e tarefas, o Zimbra conta tamb\u00e9m com um servi\u00e7o de compartilhamento de arquivos conhecido como Briefcase;<\/p>\n<p align=\"justify\">Crit\u00e9rios personalizados para pesquisar e-mails, compromissos e at\u00e9 mesmo anexos;<\/p>\n<p align=\"justify\">Possibilidade de criar pesquisas complexas e salv\u00e1-las para serem utilizadas futuramente;<\/p>\n<p align=\"justify\">Interface para uso em dispositivos m\u00f3veis;<\/p>\n<p align=\"justify\">Zimlets, que s\u00e3o extens\u00f5es de c\u00f3digo aberto do Zimbra que permite desenvolvedores e administradores incorporarem aplicativos terceiros e personalizados facilmente no ambiente;<\/p>\n<p align=\"justify\">Possibilidade de utilizar sistemas de armazenamento NFS, ISCSI ou Fibre Channel;<\/p>\n<p align=\"justify\">Para a recupera\u00e7\u00e3o de dados com alta disponibilidade e sem preocupa\u00e7\u00f5es, existe a possibilidade de virtualizar o Zimbra utilizando o VMWare vSphere com um custo mais baixo do que as solu\u00e7\u00f5es dos concorrentes;<\/p>\n<p align=\"justify\">Filtro anti-spam e prote\u00e7\u00e3o contra v\u00edrus de alto n\u00edvel;<\/p>\n<p align=\"justify\">F\u00e1cil de ser configurado via POP\/IMAP nos principais dispositivos mobile como Android, iOS e Windows Phone.<\/p>\n<p align=\"justify\">Possibilidade de configurar rotinas para gerar um Backup autom\u00e1tico da caixa de e-mail e prevenir poss\u00edveis perdas.<\/p>\n<\/div><\/div><\/div><style type=\"text\/css\">\n\t\t\t\t\t\t.fusion-content-boxes-1 .fusion-content-box-hover .heading-link:hover .icon i.circle-yes,\n\t\t\t\t\t\t.fusion-content-boxes-1 .fusion-content-box-hover .link-area-box:hover .heading-link .icon i.circle-yes,\n\t\t\t\t\t\t.fusion-content-boxes-1 .fusion-content-box-hover .link-area-link-icon-hover .heading .icon i.circle-yes,\n\t\t\t\t\t\t.fusion-content-boxes-1 .fusion-content-box-hover .link-area-box-hover .heading .icon i.circle-yes {\n\t\t\t\t\t\t\tbackground-color: #619e85 !important;\n\t\t\t\t\t\t\tborder-color: #619e85 !important;\n\t\t\t\t\t\t}<\/style><div class=\"fusion-clearfix\"><\/div><\/div><div class=\"fusion-clearfix\"><\/div><\/div><\/div><\/div><\/div>\n","protected":false},"excerpt":{"rendered":"","protected":false},"author":1,"featured_media":0,"parent":0,"menu_order":0,"comment_status":"closed","ping_status":"closed","template":"","meta":[],"_links":{"self":[{"href":"http:\/\/novo.icomnet.com.br\/index.php?rest_route=\/wp\/v2\/pages\/467"}],"collection":[{"href":"http:\/\/novo.icomnet.com.br\/index.php?rest_route=\/wp\/v2\/pages"}],"about":[{"href":"http:\/\/novo.icomnet.com.br\/index.php?rest_route=\/wp\/v2\/types\/page"}],"author":[{"embeddable":true,"href":"http:\/\/novo.icomnet.com.br\/index.php?rest_route=\/wp\/v2\/users\/1"}],"replies":[{"embeddable":true,"href":"http:\/\/novo.icomnet.com.br\/index.php?rest_route=%2Fwp%2Fv2%2Fcomments&post=467"}],"version-history":[{"count":5,"href":"http:\/\/novo.icomnet.com.br\/index.php?rest_route=\/wp\/v2\/pages\/467\/revisions"}],"predecessor-version":[{"id":474,"href":"http:\/\/novo.icomnet.com.br\/index.php?rest_route=\/wp\/v2\/pages\/467\/revisions\/474"}],"wp:attachment":[{"href":"http:\/\/novo.icomnet.com.br\/index.php?rest_route=%2Fwp%2Fv2%2Fmedia&parent=467"}],"curies":[{"name":"wp","href":"https:\/\/api.w.org\/{rel}","templated":true}]}}